ommon divisor of 341 and 217?
31
Calculate the highest common divisor of 10755 and 45.
45
What is the highest common factor of 33 and 15037?
11
What is the highest common divisor of 55 and 22605?
55
What is the highest common divisor of 80 and 208?
16
What is the greatest common divisor of 10921 and 326?
163
What is the highest common factor of 392 and 8?
8
What is the greatest common factor of 4335 and 15?
15
What is the highest common factor of 75 and 285?
15
What is the greatest common factor of 315 and 1435?
35
Calculate the highest common divisor of 65 and 2.
1
Calculate the highest common factor of 1128 and 658.
94
What is the highest common divisor of 391 and 85?
17
What is the highest common factor of 58 and 783?
29
What is the greatest common factor of 470 and 80?
10
Calculate the highest common factor of 22 and 206.
2
What is the greatest common divisor of 725 and 87?
29
What is the highest common divisor of 440 and 224?
8
What is the greatest common factor of 4779 and 354?
177
Calculate the highest common factor of 31654 and 14.
14
Calculate the highest common divisor of 9313 and 973.
139
Calculate the highest common factor of 441 and 42.
21
Calculate the highest common divisor of 143 and 33.
11
What is the greatest common factor of 79 and 237?
79
What is the highest common factor of 204 and 2070?
6
Calculate the greatest common factor of 42 and 21504.
42
Calculate the greatest common factor of 17 and 18377.
17
What is the highest common factor of 160 and 70?
10
What is the highest common divisor of 26 and 4?
2
Calculate the greatest common divisor of 3 and 6009.
3
What is the highest common divisor of 76 and 30324?
76
Calculate the highest common factor of 5292 and 735.
147
What is the highest common divisor of 70 and 182?
14
What is the highest common divisor of 696 and 1189?
29
What is the greatest common factor of 74 and 3441?
37
What is the greatest common factor of 493 and 29?
29
Calculate the highest common factor of 320 and 7280.
80
Calculate the highest common factor of 1353 and 561.
33
Calculate the greatest common factor of 768 and 36.
12
What is the highest common factor of 1331 and 22?
11
Calculate the greatest common divisor of 56 and 392.
56
Calculate the greatest common factor of 11 and 1969.
11
What is the greatest common factor of 140 and 14000?
140
Calculate the greatest common divisor of 10582 and 88.
22
Calculate the greatest common factor of 6 and 14.
2
What is the greatest common divisor of 60 and 390?
30
Calculate the highest common factor of 88 and 616.
88
Calculate the greatest common divisor of 4800 and 9900.
300
Calculate the greatest common divisor of 190 and 290.
10
What is the greatest common divisor of 1610 and 490?
70
What is the greatest common divisor of 168 and 14?
14
Calculate the greatest common divisor of 143 and 2730.
13
Calculate the highest common factor of 23474 and 194.
194
What is the greatest common factor of 11 and 704?
11
What is the greatest common factor of 44 and 396?
44
Calculate the greatest common divisor of 245 and 5.
5
Calculate the greatest common divisor of 176 and 1639.
11
What is the greatest common factor of 374 and 44?
22
What is the greatest common factor of 8 and 248?
8
What is the greatest common divisor of 3 and 15?
3
Calculate the highest common factor of 8249 and 219.
73
What is the highest common divisor of 81 and 585?
9
Calculate the highest common divisor of 34993 and 7.
7
What is the greatest common divisor of 476 and 700?
28
Calculate the highest common divisor of 240 and 5880.
120
What is the highest common divisor of 189 and 81?
27
Calculate the greatest common divisor of 166 and 2075.
83
Calculate the greatest common divisor of 1617 and 253.
11
Calculate the greatest common factor of 9 and 90.
9
Calculate the highest common divisor of 42 and 10.
2
What is the greatest common divisor of 1519 and 784?
49
Calculate the greatest common divisor of 5327 and 7.
7
Calculate the highest common divisor of 220 and 80.
20
Calculate the greatest common factor of 96 and 36.
12
Calculate the highest common factor of 3 and 717.
3
What is the highest common divisor of 5 and 4?
1
What is the greatest common factor of 195 and 273?
39
What is the highest common divisor of 305 and 360?
5
What is the highest common factor of 499 and 2?
1
Calculate the highest common divisor of 10 and 25.
5
Calculate the greatest common factor of 1 and 196.
1
Calculate the greatest common divisor of 1104 and 108.
12
Calculate the highest common factor of 1688 and 20.
4
Calculate the greatest common divisor of 912 and 57.
57
Calculate the greatest common divisor of 96 and 51.
3
Calculate the greatest common divisor of 1595 and 87.
29
What is the highest common divisor of 3 and 69?
3
Calculate the greatest common divisor of 120 and 1104.
24
What is the greatest common factor of 74438 and 26?
26
What is the greatest common divisor of 14 and 490?
14
What is the highest common divisor of 13 and 221?
13
What is the highest common divisor of 368 and 460?
92
Calculate the greatest common divisor of 295 and 413.
59
Calculate the greatest common factor of 40 and 1024.
8
Calculate the greatest common divisor of 144 and 261.
9
Calculate the highest common factor of 462 and 726.
66
What is the greatest common divisor of 5762 and 86?
86
Calculate the greatest common factor of 20 and 2500.
20
What is the greatest common divisor of 142 and 2059?
71
What is the greatest common divisor of 3 and 855?
3
Calculate the greatest common divisor of 456 and 96.
24
Calculate the greatest common factor of 10217 and 51.
17
Calculate the greatest common divisor of 782 and 506.
46
Calculate the highest common factor of 75 and 2300.
25
What is the highest common factor of 30 and 3765?
15
What is the greatest common divisor of 64 and 496?
16
What is the highest common factor of 195 and 20605?
65
What is the greatest common divisor of 1 and 2?
1
Calculate the highest common factor of 1088 and 2448.
272
Calculate the greatest common factor of 14 and 224.
14
What is the greatest common divisor of 25 and 1?
1
What is the highest common factor of 170 and 255?
85
Calculate the greatest common factor of 200 and 2740.
20
What is the highest common factor of 182 and 455?
91
What is the highest common factor of 253 and 437?
23
Calculate the greatest common divisor of 25095 and 105.
105
What is the highest common divisor of 162 and 4266?
54
What is the highest common divisor of 27 and 2133?
27
Calculate the greatest common factor of 5472 and 9.
9
Calculate the highest common divisor of 36 and 44.
4
Calculate the highest common divisor of 11 and 124069.
11
Calculate the greatest common factor of 5936 and 896.
112
What is the highest common divisor of 38 and 247?
19
What is the highest common factor of 448 and 704?
64
Calculate the highest common divisor of 102 and 72.
6
Calculate the greatest common divisor of 8 and 8.
8
Calculate the greatest common divisor of 84 and 644.
28
What is the greatest common divisor of 1296 and 384?
48
What is the greatest common factor of 5704 and 496?
248
Calculate the greatest common divisor of 1540 and 2520.
140
What is the highest common factor of 3927 and 924?
231
What is the highest common divisor of 22 and 15191?
11
What is the greatest common divisor of 48 and 1392?
48
What is the highest common factor of 8 and 28?
4
Calculate the highest common divisor of 750 and 10.
10
What is the highest common divisor of 27 and 9?
9
Calculate the highest common divisor of 285 and 190.
95
What is the greatest common divisor of 60 and 48?
12
What is the highest common divisor of 71 and 16969?
71
What is the highest common divisor of 1274 and 26?
26
What is the greatest common divisor of 70 and 1918?
14
What is the highest common factor of 504 and 154?
14
What is the greatest common factor of 60 and 1620?
60
What is the highest common divisor of 135 and 108?
27
Calculate the highest common factor of 620 and 40.
20
Calculate the highest common divisor of 84 and 24.
12
Calculate the highest common divisor of 100 and 48.
4
What is the greatest common factor of 2275 and 175?
175
What is the highest common factor of 91 and 133?
7
Calculate the greatest common factor of 5628 and 84.
84
Calculate the highest common factor